{"id":905,"date":"2019-07-24T09:27:27","date_gmt":"2019-07-24T09:27:27","guid":{"rendered":"https:\/\/www.heitec-umwelttechnik.de\/wordpress\/?page_id=905"},"modified":"2022-07-29T13:28:06","modified_gmt":"2022-07-29T11:28:06","slug":"webinare","status":"publish","type":"page","link":"https:\/\/www.heitec-umwelttechnik.de\/wordpress\/webinare\/","title":{"rendered":"Webinare"},"content":{"rendered":"<div  data-label=\"Features\" data-id=\"features--1\" data-export-id=\"features-16-card-bordered\" data-category=\"features\" class=\"features-16-card-bordered content-section content-section-spacing\" id=\"features-1\" style=\"background-color: rgb(255, 255, 255);\"><div  class=\"gridContainer\"> <div  class=\"row text-center\"><div  class=\"section-title-col\" data-type=\"column\"> <h2  class=\"\" style=\"text-align: left;\">Unsere kostenfreien Webinare<\/h2> <p  class=\"lead\" style=\"text-align: left;\">Unsere Webinare ziehen um, n\u00e4mlich auf die NOWHERE. Sie kennen die NOWHERE noch nicht, unsere Raumstation im digitalen Universum? Dann nicht <a data-mce-href=\"https:\/\/www.galvacast.de\/category\/nowhere\/\" href=\"https:\/\/www.galvacast.de\/category\/nowhere\/\" target=\"_self\" data-mce-selected=\"inline-boundary\" data-cp-link=\"1\" rel=\"noopener\">wie hin<\/a>. \n<br ><br >Der Umzug l\u00e4uft im Augenblick und wird im August abgeschlossen.<\/p><\/div> <\/div> <div  class=\"row spaced-cols\" data-type=\"row\"> <div  class=\"col-xs-12 col-sm-6 col-md-4\"> <div  class=\"card no-padding bordered y-move\"> <a data-cp-link=\"1\" href=\"https:\/\/www.heitec-umwelttechnik.de\/wordpress\/webinare\/anmeldung-bt\" target=\"_self\" rel=\"noopener noreferrer\"><img decoding=\"async\"  class=\"face\" src=\"https:\/\/www.heitec-umwelttechnik.de\/wordpress\/wp-content\/uploads\/2020\/04\/cropped-Pot_Bild_1.jpg\" alt=\"\" title=\"cropped-Pot_Bild_1.jpg\"><\/a> <div  data-type=\"column\" class=\"col-padding-small col-padding-small-xs description-container\"> <h4  class=\"font-500\">Alte Abwassertechnik fit machen oder Neubau?<\/h4> <p  class=\"\">Nach Corona ist die Frage in vielen Firmen: muss der Neubau sein oder gibt es noch Verbesserungspotential bei der alten Anlage? Meist ist der zu geringe Durchsatz einer Abwasseranlage das Problem. In diesem Webinar zeigen wir Ihnen eine Vorgehensweise die Engp\u00e4sse schnell zu finden.<\/p><\/div> <div  data-type=\"column\" class=\"col-padding-small col-padding-small-xs read-more-container\"><a class=\"read-more\" href=\"https:\/\/www.heitec-umwelttechnik.de\/wordpress\/webinar\/anmeldung-bt\" target=\"_self\" data-cp-link=\"1\" rel=\"noopener noreferrer\">mehr erfahren<\/a><\/div> <\/div><\/div>   <div  class=\"col-xs-12 col-sm-6 col-md-4\"><div  class=\"card no-padding bordered y-move\"> <a data-cp-link=\"1\" href=\"https:\/\/www.heitec-umwelttechnik.de\/wordpress\/info-pm\" target=\"_self\" rel=\"noopener noreferrer\"><img decoding=\"async\"  class=\"face\" src=\"https:\/\/www.heitec-umwelttechnik.de\/wordpress\/wp-content\/uploads\/2018\/06\/cropped-Projekt-1.jpg\" alt=\"\" title=\"cropped-Projekt-1.jpg\"><\/a> <div  data-type=\"column\" class=\"col-padding-small col-padding-small-xs description-container\"> <h4  class=\"font-500\">Die 4 Tods\u00fcnden im Projektmanagement f\u00fcr verfahrenstechnische Anlagen<\/h4> <p  class=\"\">Galvanoanlagen und Wasseraufbereitungen sind verfahrenstechnische Anlagen und die unterscheiden sich vom klassischen Anlagenbau in einigen Punkten gewaltig.  Die 4 gr\u00f6\u00dften Fehler im Projektmanagment f\u00fcr die Errichtung oder \u00c4nderung verfahrenstechnischer Anlagen<\/p><\/div> <div  data-type=\"column\" class=\"col-padding-small col-padding-small-xs read-more-container\"><a class=\"read-more\" href=\"https:\/\/www.heitec-umwelttechnik.de\/wordpress\/info-pm\" target=\"_self\" data-cp-link=\"1\" rel=\"noopener noreferrer\">mehr erfahren<\/a><\/div> <\/div><\/div><div  class=\"col-xs-12 col-sm-6 col-md-4\"> <div  class=\"card no-padding bordered y-move\"> <a data-cp-link=\"1\" href=\"https:\/\/www.heitec-umwelttechnik.de\/wordpress\/webinare\/info_teilstrom\" target=\"_self\" rel=\"noopener noreferrer\"><img decoding=\"async\"  class=\"face\" src=\"https:\/\/www.heitec-umwelttechnik.de\/wordpress\/wp-content\/uploads\/2020\/04\/cropped-Pot_Bild_1.jpg\" alt=\"\" title=\"cropped-Pot_Bild_1.jpg\"><\/a> <div  data-type=\"column\" class=\"col-padding-small col-padding-small-xs description-container\"> <h4  class=\"font-500\">Pl\u00f6tzlich Probleme mit der Einhaltung eines Parameters? So finden Sie schnell den verursachenden Teilstrom.<\/h4> <p  class=\"\">In unserem <a data-mce-href=\"http:\/\/podcast.heitec-umwelttechnik.de\/fs-2-effiziente-vorgehensweise-um-problematische-teilstroeme-zu-finden\/\" href=\"http:\/\/podcast.heitec-umwelttechnik.de\/fs-2-effiziente-vorgehensweise-um-problematische-teilstroeme-zu-finden\" target=\"_blank\" rel=\"noopener noreferrer\" data-mce-selected=\"inline-boundary\" data-cp-link=\"1\" class=\"\">Podcast<\/a> taucht immer wieder die Frage auf:\u201dWir haben in letzter Zeit bei einigen Chargenbehandlungen Probleme die Grenzwerte zu unterschreiten. Wir m\u00fcssen dann aufwendig nachbehandeln. Wie k\u00f6nnen wir m\u00f6glichst schnell und einfach den Verursacher finden?\u201d In diesem Webinar bekommen Sie einen \u00dcberblick \u00fcber die praxisorientierte Vorgehensweise.<\/p><\/div> <div  data-type=\"column\" class=\"col-padding-small col-padding-small-xs read-more-container\"><a class=\"read-more\" href=\"https:\/\/www.heitec-umwelttechnik.de\/wordpress\/webinare\/info_teilstrom\" target=\"_self\" data-cp-link=\"1\" rel=\"noopener noreferrer\">mehr erfahren<\/a><\/div> <\/div><\/div><div  class=\"col-xs-12 col-sm-6 col-md-4\"><div  class=\"card no-padding bordered y-move\"> <a data-cp-link=\"1\" href=\"https:\/\/www.heitec-umwelttechnik.de\/wordpress\/webinare\/info_funk\" target=\"_self\" rel=\"noopener noreferrer\"><img decoding=\"async\"  class=\"face\" src=\"https:\/\/www.heitec-umwelttechnik.de\/wordpress\/wp-content\/uploads\/2019\/08\/cropped-Motivationskurve.jpg\" alt=\"\" title=\"cropped-Motivationskurve.jpg\"><\/a> <div  data-type=\"column\" class=\"col-padding-small col-padding-small-xs description-container\"> <h4  class=\"font-500\">Ver\u00e4nderungen! Juhu oder Oje?<\/h4> <p  class=\"\">&nbsp;Sie leiten ein Projekt zur Einf\u00fchrung neuer Prozesse oder zur \u00c4nderung bestehender Abl\u00e4ufe oder Produktionsprozesse? Die Ger\u00fcchtek\u00fcche brodelt und ist schneller als ihre Infomails oder Aush\u00e4nge?\n<br ><br >Das Webinar zeigt eine kreative L\u00f6sung mit der Sie richtig punkten k\u00f6nnen.<\/p><\/div> <div  data-type=\"column\" class=\"col-padding-small col-padding-small-xs read-more-container\"><a class=\"read-more\" href=\"https:\/\/www.heitec-umwelttechnik.de\/wordpress\/webinare\/info_funk\" target=\"_self\" data-cp-link=\"1\" rel=\"noopener noreferrer\">mehr erfahren<\/a><\/div> <\/div><\/div><div  class=\"col-xs-12 col-sm-6 col-md-4\"> <div  class=\"card no-padding bordered y-move\"> <a data-cp-link=\"1\" href=\"https:\/\/www.heitec-umwelttechnik.de\/wordpress\/webinare\/info-webinar\" target=\"_self\" rel=\"noopener noreferrer\"><img decoding=\"async\"  class=\"face\" src=\"https:\/\/www.heitec-umwelttechnik.de\/wordpress\/wp-content\/uploads\/2010\/06\/cropped-Medikament1.jpg\" alt=\"\" title=\"cropped-Medikament1.jpg\"><\/a> <div  data-type=\"column\" class=\"col-padding-small col-padding-small-xs description-container\"> <h4  class=\"font-500\">Wozu Webinare?<\/h4> <p  class=\"\">Einsatz von Webinaren in der innerbetrieblichen Weiterbildung. Strategie um Webinarteilnehmer zu gewinnen. Aufbau eines Webinars etc.<\/p><\/div> <div  data-type=\"column\" class=\"col-padding-small col-padding-small-xs read-more-container\"><a class=\"read-more\" href=\"https:\/\/www.heitec-umwelttechnik.de\/wordpress\/webinare\/info-webinar\" target=\"_self\" data-cp-link=\"1\" rel=\"noopener noreferrer\">mehr erfahren<\/a><\/div> <\/div><\/div><\/div><\/div> <\/div>","protected":false},"excerpt":{"rendered":"<p>Unsere kostenfreien Webinare Unsere Webinare ziehen um, n\u00e4mlich auf die NOWHERE. Sie kennen die NOWHERE noch nicht, unsere Raumstation im digitalen Universum? Dann nicht wie hin. Der Umzug l\u00e4uft im Augenblick und wird im August abgeschlossen. Alte Abwassertechnik fit machen oder Neubau? Nach Corona ist die Frage in vielen Firmen: muss der Neubau sein oder&hellip; <br \/> <a class=\"read-more\" href=\"https:\/\/www.heitec-umwelttechnik.de\/wordpress\/webinare\/\">Weiterlesen<\/a><\/p>\n","protected":false},"author":2,"featured_media":0,"parent":0,"menu_order":0,"comment_status":"closed","ping_status":"closed","template":"pro\/page-templates\/full-width-page.php","meta":{"iawp_total_views":54,"footnotes":""},"class_list":["post-905","page","type-page","status-publish","hentry"],"_links":{"self":[{"href":"https:\/\/www.heitec-umwelttechnik.de\/wordpress\/wp-json\/wp\/v2\/pages\/905","targetHints":{"allow":["GET"]}}],"collection":[{"href":"https:\/\/www.heitec-umwelttechnik.de\/wordpress\/wp-json\/wp\/v2\/pages"}],"about":[{"href":"https:\/\/www.heitec-umwelttechnik.de\/wordpress\/wp-json\/wp\/v2\/types\/page"}],"author":[{"embeddable":true,"href":"https:\/\/www.heitec-umwelttechnik.de\/wordpress\/wp-json\/wp\/v2\/users\/2"}],"replies":[{"embeddable":true,"href":"https:\/\/www.heitec-umwelttechnik.de\/wordpress\/wp-json\/wp\/v2\/comments?post=905"}],"version-history":[{"count":22,"href":"https:\/\/www.heitec-umwelttechnik.de\/wordpress\/wp-json\/wp\/v2\/pages\/905\/revisions"}],"predecessor-version":[{"id":1508,"href":"https:\/\/www.heitec-umwelttechnik.de\/wordpress\/wp-json\/wp\/v2\/pages\/905\/revisions\/1508"}],"wp:attachment":[{"href":"https:\/\/www.heitec-umwelttechnik.de\/wordpress\/wp-json\/wp\/v2\/media?parent=905"}],"curies":[{"name":"wp","href":"https:\/\/api.w.org\/{rel}","templated":true}]}}